**2. Calculate q(-1).
-4
Suppose 2*l = 5*l + 3. Let c(g) = -3*g**3 + g**2 + g. What is c(l)?
3
Let c = 34 + -20. Let w = c + -17. Let u(z) = z**3 + 5*z**2 + 4*z + 1. Determine u(w).
7
Let h(r) = r**3 + 4*r**2 + 3*r + 1. Let k(g) = 2*g**3 + 8*g**2 + 6*g + 2. Let i(u) = -7*h(u) + 3*k(u). Let p = -14 - -10. Determine i(p).
11
Let j(g) be the third derivative of g**5/10 - g**4/8 - g**3/2 + 4*g**2. Give j(-2).
27
Suppose -q = -2*q + 4. Let i(m) be the first derivative of -m**2/2 - 2*m + 9. Calculate i(q).
-6
Let i(z) be the first derivative of -z**2 + 1/3*z**3 + 1 + 5*z. Determine i(4).
13
Let v be (-12)/4 + (-1 - -6). Let m(y) = 5*y + y**3 - 3 + 1 + 1 - 6*y**v. Let d be m(5). Let q(i) = -2*i. What is q(d)?
2
Let c(j) be the third derivative of -j**5/60 - j**4/6 - j**3/2 - j**2. Let n(p) = p**3 - 21*p**2 + 19*p + 16. Let t be n(20). What is c(t)?
-3
Suppose -f = -2*p - 2*p + 22, -23 = -5*p - f. Let b(v) = -v + 2. Calculate b(p).
-3
Let b(r) be the first derivative of -r**4/4 + 5*r**3/3 - 5*r + 3. Determine b(4).
11
Let w(m) = 11*m**2 - 7*m - 13. Let b(f) = -5*f**2 + 3*f + 6. Let i(a) = -9*b(a) - 4*w(a). Let z be 7/(-3) - 4/(-12). Calculate i(z).
0
Let r(m) = m**3 - m**2 + m - 3. Let k be r(0). Let o(x) = x**2 - 3. Determine o(k).
6
Let g(t) = -2*t + 2. Suppose 4 = -4*k + 4*y, 0*k + 2*k + 4*y = 22. Let l(c) = -2*c + 1. Let a(p) = k*l(p) - 4*g(p). Suppose 6*b = b + 20. What is a(b)?
3
Let m(z) = -4*z**2 - 3*z. Let y(u) = -u**3 + 8*u**2 - 9*u. Let i(j) = -2*j**3 + 16*j**2 - 19*j - 1. Let a(g) = 2*i(g) - 5*y(g). Let o be a(7). Calculate m(o).
-10
Let s = 5 + -2. Suppose -s*f = -4*f + 2. Let a(p) = 2 + p**3 - 2*p**3 + 3*p**3 - 3*p**2. Determine a(f).
6
Let r(f) be the second derivative of 3*f**5/20 + f**4/12 - f**3/3 + f**2/2 + 3*f. Give r(1).
3
Let c be 2*6*2/(-8). Let b(w) be the third derivative of w**5/60 + w**4/24 - w**3/2 + 2*w**2. Determine b(c).
3
Suppose -28 + 3 = 5*v. Let y(r) = 5 + 24*r + 10*r**2 - 28*r - 11*r**2. What is y(v)?
0
Suppose -4*q = -4 - 4. Let d(r) = 0 + q*r - 2 - 3. Suppose -3*g + y + 9 = -4, -5*g - 3*y = -17. What is d(g)?
3
Let l(q) = -q**3 - 10*q**2 - 10*q - 5. Let i be l(-9). Let r(b) = 2*b - 4. Give r(i).
4
Let f(t) = -t**3 - 13*t**2 - 12*t + 4. Let a be f(-12). Let y be 15/4 + (-3)/a. Let i(b) = -b + 3. What is i(y)?
0
Let z(d) = 2*d + 4. Let l be z(-2). Let x(y) = y**2 + y + 15. Give x(l).
15
Let h(u) = u**3 + 7*u**2 + 7*u + 2. Suppose -3*l + 5 = 23. What is h(l)?
-4
Let h(y) = -y**3 + 2*y**2. Suppose -4*x - 11 = -2*s + s, x - 1 = -s. What is h(s)?
-9
Let x(v) = 2*v**2 - 4*v**3 + 5*v + 3*v**3 + 3 + 0. What is x(4)?
-9
Let d be 1/(3/36*-2). Let m(i) be the first derivative of -i**4/4 - 7*i**3/3 - 3*i**2 - 6*i + 1. What is m(d)?
-6
Let n(x) = -7*x + 1 + 0*x + 13*x + x**2. Give n(-6).
1
Let t be 2/2*(1 + 2). Let j(v) = v + 2. Let b(k) = -k - 2. Let z(h) = 2*b(h) + 3*j(h). Determine z(t).
5
Let s = -5 + 13. Let k = s + -5. Let t(l) = -2*l + 2. Calculate t(k).
-4
Let v(g) = 5*g**2 - g - 6. Let c(z) be the first derivative of -z**4/4 - z**3/3 - z + 1. Let w(h) = -c(h) + v(h). Give w(-6).
1
Let s be -3 + (-1 - -1) + (-6)/(-2). Let m(x) = x**2 + x - 4. Calculate m(s).
-4
Let s(f) = -2*f**2 + 6*f - 1. Let b(u) = u**2 - 7*u + 7. Let c be b(7). Let m be ((-24)/(-14))/(1/c). Suppose -16 = -3*h + x, -h - 2*x - m = -2*h. Give s(h).
-9
Let t(n) = -n**2 + n. Let g(c) = -2*c**2. Let s(b) = 2*g(b) - 3*t(b). What is s(-3)?
0
Suppose -60 = -7*l + 2*l. Let u = 7 - l. Let b be u - (-1 + -2 + 1). Let w(t) = t + 2. Give w(b).
-1
Suppose -2*o - 3*o = 0. Let v(q) = -5*q**3 - 16*q**2 + 3*q + 1. Let h(y) = -3*y**3 - 10*y**2 + 2*y + 1. Let g(w) = -8*h(w) + 5*v(w). Determine g(o).
-3
Let v(q) be the second derivative of q**4/8 + 3*q**2/2 + 2*q. Let s(k) be the first derivative of v(k). Give s(-2).
-6
Suppose -5*w - 2*z = -23, z + 12 = 2*w - z. Let r(v) = v + 1 - v - w - 2*v. Let t(j) = -3*j**3 + j**2 - 2*j + 1. Let h be t(1). What is r(h)?
2
Let n be (1 + -6)*(-4)/(-5). Let z(v) = -2*v + 11. Let s(x) = -x + 6. Let y(d) = 7*s(d) - 4*z(d). Give y(n).
-6
Let y(d) = 0 - d**2 + 0 - 4 - 8*d. Let q = -21 + 26. Suppose -5*w = 20 + q. Give y(w).
11
Suppose 3*h - 2*s + 6 = 0, 3*s - 7 = 3*h + h. Let m(x) = -x + 2. What is m(h)?
6
Let t(r) = -9*r**3 - 5*r**2 - 7*r + 1. Let x(d) = -4*d**3 - 3*d**2 - 4*d. Let a(o) = 3*t(o) - 7*x(o). What is a(-5)?
-7
Let s(q) = -q**3 + 5*q**2 - 7*q + 6. Let l(y) = -y - 1. Let r be l(5). Let g = r + 10. Give s(g).
-6
Let n = -1 + 1. Suppose 2*u + 0*u - 10 = n. Let c(o) = -o**2 + 4*o + 3. Let m be c(u). Let j(b) = -b**3 - 3*b**2 - 2*b - 3. Determine j(m).
-3
Let k be (6/18)/(2/18). Suppose 4*n + 41 = -5*j, -k*j = 3*n - 8*j - 13. Let r(v) = v**2 + 6*v - 4. What is r(n)?
-12
Suppose y - 5 + 4 = 0. Let v(q) = -y - 2 + 3 + 1 - 2*q. Let z be 6/9*18/4. Calculate v(z).
-5
Let x(d) be the second derivative of -d**6/720 + d**5/30 - d**4/4 - 4*d. Let z(q) be the third derivative of x(q). Calculate z(-5).
9
Suppose -3*h - 4*k + 16 = 2*h, 4 = -4*k. Suppose h*q + 2 = 6*q. Let r(s) be the second derivative of -s**3/6 + s**2/2 + 6*s. Determine r(q).
0
Let d be 2/6 + 8/12. Let j(m) = 2*m**2 + 2*m - 1. Let o be j(d). Let a(h) = -h**3 + 3*h**2 + h - 4. Give a(o).
-1
Let t(k) = -k**3 + 3*k**2 + k - 1. Let m = 55 + -51. Give t(m).
-13
Let k(y) = -y**3 + 11*y**2 + 11*y + 16. Let p be 9/(378/(-12)) - 172/(-14). What is k(p)?
4
Suppose -2*h + 22 = -5*v, 4*v + h = 4*h - 19. Let b(x) = -x**3 - 3*x**2 + 3*x + 2. What is b(v)?
6
Let s(z) = -z. Let g(q) = q - 1. Let d(w) = -5*g(w) - 4*s(w). Let y be d(-5). Let b = y - 15. Let p(t) = -2*t - 5. What is p(b)?
5
Let p(b) = 4*b. Let g be (6 - 4) + (4 - 1). Let h(w) = -2*w**2 - g*w - 1 + 0*w + 3*w**2 + 4. Let q be h(4). What is p(q)?
-4
Let i be -2 + -1 + 1 - -19. Let h(g) = -3*g - 4. Let y(o) = 8*o + 12. Let d(q) = i*h(q) + 6*y(q). Give d(4).
-8
Suppose 2*b + 2*b = 8. Let x(v) = -v**b + 3*v**2 + v**2 - v - 1 - 2*v**3. Calculate x(2).
-7
Let t(b) = -b**3 + 6*b**2 - 3*b - 1. Let o(z) = z**2 + 8*z - 28. Let u be o(-11). Calculate t(u).
9
Let y(z) = z - 1. Let f be y(3). Let j(s) = 3*s**2 - 1 + 3*s**f + 1. Give j(-1).
6
Let r(v) = -v**3 - 4*v**2 - v - 1. Suppose j = -4 - 2. Let z = -5 - j. Let o(a) = -4*a**2. Let x be o(z). Give r(x).
3
Let r(a) = -a**2 + 2*a - 2. Suppose 0 = -2*l + 3 + 1. What is r(l)?
-2
Let b be -3 + (-2 + 0 - -5). Let s be -4*(9/(-12) + b). Let j(c) = c + 3. Determine j(s).
6
Suppose 0*d = d. Let q(y) = d + 0 + y**2 - 4*y - 2*y**2 + 7. What is q(-5)?
2
Let t(i) = -i**3 - i**2. Let a(m) = -3*m**3 + 3*m**2 - 2*m + 7. Let l(f) = -a(f) + 2*t(f). What is l(5)?
3
Let x(z) = -7*z + 7*z + 3 + 3*z. What is x(-2)?
-3
Let v(d) = -d**2 - 6*d + 1. Let z = 13 - 10. Suppose 2*i - 14 = z*o, -4*o - 4*i - 20 = -2*o. What is v(o)?
1
Let b(p) = -2*p**3 + 4*p**2 - 4*p + 3. Let l be b(2). Let h = 7 + l. Let z(n) = 0*n**2 + 3 + 3*n**2 + 5*n - 4*n**3 + n**h + 3*n**3. Determine z(5).
3
Let r(w) be the first derivative of w**6/360 + w**4/3 - 4*w**3/3 + 1. Let b(k) be the third derivative of r(k). What is b(0)?
8
Suppose 0 = 5*n, 0*q + 3*q = 2*n + 3. Let t(x) = -q - 3*x + 7*x - 2*x + 0*x. Give t(1).
1
Suppose a + a = 0. Suppose -3*i = -a*i. Let u(t) = -t**3 - t**2 - 6. What is u(i)?
-6
Let h(q) be the second derivative of -q**3/6 + 9*q**2/2 - q. Suppose 11*m - 4 = 10*m. Give h(m).
5
Let y(r) = 6*r**3 - r**2 - 1. Let f be y(2). Suppose -5*c + m + f = 4*m, 2*c + 5*m = 21. Let j = 4 - c. Let v(w) = -w**3 - 4*w**2 + w + 2. Give v(j).
-2
Let q(c) = -13*c**3 + 14*c**2 + 8*c - 3. Let i(n) = -9*n**3 + 9*n**2 + 5*n - 2. Let p(h) = -8*i(h) + 5*q(h). Give p(1).
6
Suppose 4*f + 5 = -5*d - 13, 4*d = 2*f - 4. Let w = -4 - f. Let g(c) be the second derivative of -c**3/2 + c. Determine g(w).
6
Let s(c) be the second derivative of c**2 - c - 1/12*c**4 + 1/6*c**3 + 0. Let t(w) = -w**2 + 12*w - 2. Let u be t(12). What is s(u)?
-4
Let j(o) = 2*o - 4. Suppose -4*d + 13 + 3 = 5*y, -20 = -5*d - 2*y. Suppose -5*p = 3*r - 12, r = -5*p - d*r + 10. Give j(p).
2
Suppose 2*s + c - 20 = 0, 2*s - 3*s = c - 11. Let x(r) = r - 10. Determine x(s).
-1
Suppose -9 = 5*a + 6. Let h(x) = -3*x - 1. Determine h(a).
8
Suppose 125 = 4*k + 5*a + 25, 3*a = k - 25. Suppose 5*m = k + 5. Suppose 0 = 5*v + m - 16. Let h(d) = d**2 - 4*d + 3. Calculate h(v).
-1
Let y(p) 